{"id":1165,"date":"2017-04-14T16:03:24","date_gmt":"2017-04-14T14:03:24","guid":{"rendered":"http:\/\/aarifconjq.cluster020.hosting.ovh.net\/index.php\/seminaire-iii\/"},"modified":"2017-05-20T20:33:09","modified_gmt":"2017-05-20T18:33:09","slug":"seminaire-iii","status":"publish","type":"page","link":"https:\/\/le16consulting.com\/index.php\/seminaire-iii\/","title":{"rendered":"S\u00e9minaire III"},"content":{"rendered":"<p>[vc_row css=\u00a0\u00bb.vc_custom_1451991003825{margin-bottom: 100px !important;}\u00a0\u00bb][vc_column width=\u00a0\u00bb3\/4&Prime;][vc_column_text css=\u00a0\u00bb.vc_custom_1492436291634{margin-bottom: 52px !important;}\u00a0\u00bb]Le Maroc se pr\u00e9pare pour la coop\u00e9ration euro-m\u00e9diterran\u00e9enne de 2012. Les petites et moyennes entreprises (PME) devront r\u00e9sister \u00e0 la concurrence internationale. Elles devront aussi r\u00e9pondre aux normes europ\u00e9ennes pour pouvoir servir un march\u00e9 de 500 millions de consommateurs.[\/vc_column_text][vc_tta_accordion shape=\u00a0\u00bbsquare\u00a0\u00bb c_position=\u00a0\u00bbright\u00a0\u00bb active_section=\u00a0\u00bb1&Prime; css=\u00a0\u00bb.vc_custom_1453467174989{margin-bottom: 60px !important;}\u00a0\u00bb][vc_tta_section title=\u00a0\u00bbLe contenu\u00a0\u00bb tab_id=\u00a0\u00bb1452160548343-003e17f2-760ddba1-e2ab2d7d-50a9&Prime;][vc_column_text]<\/p>\n<ul>\n<li style=\"list-style-type: none;\">\n<ul>\n<li style=\"list-style-type: none;\">\n<ul>\u00a0\u00a0\u00a0\u00a0\u00a0\u00a0\u00a0\u2022 Une approche des cultures europ\u00e9enne et marocaine, de leur structure \u00e9conomique, sociale \u00a0\u00a0\u00a0\u00a0\u00a0\u00a0\u00a0et politique<\/ul>\n<\/li>\n<\/ul>\n<\/li>\n<\/ul>\n<p>&nbsp;<\/p>\n<ul>\n<li style=\"list-style-type: none;\">\n<ul>\n<li style=\"list-style-type: none;\">\n<ul>\u00a0\u00a0\u00a0\u00a0\u00a0\u00a0\u00a0\u2022 Un conseil sp\u00e9cifique aux petites et moyennes entreprises (PME)<\/ul>\n<\/li>\n<\/ul>\n<\/li>\n<\/ul>\n<p>&nbsp;<\/p>\n<ul>\n<li style=\"list-style-type: none;\">\n<ul>\n<li style=\"list-style-type: none;\">\n<ul>\u00a0\u00a0\u00a0\u00a0\u00a0\u00a0\u00a0\u2022 Un travail et une expertise accompagn\u00e9s d&rsquo;une analyse du march\u00e9<\/ul>\n<\/li>\n<\/ul>\n<\/li>\n<\/ul>\n<p>&nbsp;<\/p>\n<ul>\n<li style=\"list-style-type: none;\">\n<ul>\n<li style=\"list-style-type: none;\">\n<ul>\u00a0\u00a0\u00a0\u00a0\u00a0\u00a0\u00a0\u00a0\u00a0Europ\u00e9en\u00a0: les PME marocaines s&rsquo;implantant en Europe<\/ul>\n<\/li>\n<\/ul>\n<\/li>\n<\/ul>\n<p>&nbsp;<\/p>\n<ul>\n<li style=\"list-style-type: none;\">\n<ul>\n<li style=\"list-style-type: none;\">\n<ul>\u00a0\u00a0\u00a0\u00a0\u00a0\u00a0\u00a0\u00a0 Marocain\u00a0: les PME europ\u00e9ennes s&rsquo;implantant au Maroc<\/ul>\n<\/li>\n<\/ul>\n<\/li>\n<\/ul>\n<p>&nbsp;<\/p>\n<ul>\n<li style=\"list-style-type: none;\">\n<ul>\n<li style=\"list-style-type: none;\">\n<ul>\u00a0\u00a0\u00a0\u00a0\u00a0\u00a0\u00a0\u2022 Le marketing<\/ul>\n<\/li>\n<\/ul>\n<\/li>\n<\/ul>\n<p>&nbsp;<\/p>\n<ul>\n<li style=\"list-style-type: none;\">\n<ul>\n<li style=\"list-style-type: none;\">\n<ul>\u00a0\u00a0\u00a0\u00a0\u00a0\u00a0\u00a0\u2022 Le financement<\/ul>\n<\/li>\n<\/ul>\n<\/li>\n<\/ul>\n<p>[\/vc_column_text][\/vc_tta_section][vc_tta_section title=\u00a0\u00bbLe but \u00a0\u00bb tab_id=\u00a0\u00bb1452160738660-5468e659-6776dba1-e2ab2d7d-50a9&Prime;][vc_column_text]<\/p>\n<ul>\n<li style=\"list-style-type: none;\">\n<ul>\n<li style=\"list-style-type: none;\">\n<ul>\u00a0\u00a0\u00a0\u00a0\u00a0\u00a0\u00a0\u2022\u00a0Connaissance du march\u00e9 allemand-europ\u00e9en<\/ul>\n<\/li>\n<\/ul>\n<\/li>\n<\/ul>\n<p>&nbsp;<\/p>\n<ul>\n<li style=\"list-style-type: none;\">\n<ul>\n<li style=\"list-style-type: none;\">\n<ul>\u00a0\u00a0\u00a0\u00a0\u00a0\u00a0\u00a0\u2022 Commercialisation des produits et des services<\/ul>\n<\/li>\n<\/ul>\n<\/li>\n<\/ul>\n<p>&nbsp;<\/p>\n<ul>\n<li style=\"list-style-type: none;\">\n<ul>\n<li style=\"list-style-type: none;\">\n<ul>\u00a0\u00a0\u00a0\u00a0\u00a0\u00a0\u00a0\u2022 Comprendre les services: la communication, le suivi du projet, le consulting, le conseil et\u00a0l&rsquo;aide \u00e0\u00a0 la r\u00e9alisation de ces projets<\/ul>\n<\/li>\n<\/ul>\n<\/li>\n<\/ul>\n<p>&nbsp;<\/p>\n<ul>\n<li style=\"list-style-type: none;\">\n<ul>\n<li style=\"list-style-type: none;\">\n<ul>\u00a0\u00a0\u00a0\u00a0\u00a0\u00a0\u00a0N&rsquo;h\u00e9sitez pas \u00e0 nous contacter afin que nos \u00e9quipes vous informent et vous conseillent\u00a0!<\/ul>\n<\/li>\n<\/ul>\n<\/li>\n<\/ul>\n<p>[\/vc_column_text][\/vc_tta_section][\/vc_tta_accordion][vc_row_inner css=\u00a0\u00bb.vc_custom_1453463400247{margin-bottom: 30px !important;}\u00a0\u00bb][vc_column_inner][vc_custom_heading text=\u00a0\u00bbPrix \u00e0 :\u00a0\u00bb font_container=\u00a0\u00bbtag:div|font_size:20px|text_align:left|color:%23222222|line_height:28px\u00a0\u00bb google_fonts=\u00a0\u00bbfont_family:Poppins%3A300%2Cregular%2C500%2C600%2C700|font_style:700%20bold%3A700%3Anormal\u00a0\u00bb css=\u00a0\u00bb.vc_custom_1492032541591{margin-bottom: 15px !important;}\u00a0\u00bb][vc_column_text]<\/p>\n<p style=\"text-align: right;\"><strong>549,00 \u20ac<\/strong><\/p>\n<p>[\/vc_column_text][\/vc_column_inner][\/vc_row_inner][\/vc_column][vc_column width=\u00a0\u00bb1\/4&Prime;][stm_sidebar sidebar=\u00a0\u00bb573&Prime;][\/vc_column][\/vc_row][vc_row full_width=\u00a0\u00bbstretch_row\u00a0\u00bb el_class=\u00a0\u00bbthird_bg_color\u00a0\u00bb css=\u00a0\u00bb.vc_custom_1451889219674{margin-bottom: -60px !important;}\u00a0\u00bb][vc_column][vc_cta h2=\u00a0\u00bbVous avez encore des questions \u00e0 nous poser ?\u00a0\u00bb h2_font_container=\u00a0\u00bbfont_size:20px|color:%23000000|line_height:24px\u00a0\u00bb h2_use_theme_fonts=\u00a0\u00bbyes\u00a0\u00bb shape=\u00a0\u00bbsquare\u00a0\u00bb style=\u00a0\u00bbflat\u00a0\u00bb add_button=\u00a0\u00bbright\u00a0\u00bb btn_title=\u00a0\u00bbContactez-Nous !\u00a0\u00bb btn_style=\u00a0\u00bbflat\u00a0\u00bb btn_color=\u00a0\u00bbtheme_style_2&Prime; btn_align=\u00a0\u00bbright\u00a0\u00bb btn_i_align=\u00a0\u00bbright\u00a0\u00bb btn_i_icon_fontawesome=\u00a0\u00bbfa fa-chevron-right\u00a0\u00bb use_custom_fonts_h2=\u00a0\u00bbtrue\u00a0\u00bb btn_button_block=\u00a0\u00bbtrue\u00a0\u00bb btn_add_icon=\u00a0\u00bbtrue\u00a0\u00bb el_class=\u00a0\u00bbthird_bg_color\u00a0\u00bb css=\u00a0\u00bb.vc_custom_1492436447783{margin-bottom: 0px !important;}\u00a0\u00bb btn_link=\u00a0\u00bburl:http%3A%2F%2Faarifconjq.cluster020.hosting.ovh.net%2Findex.php%2Fcontact%2F|||\u00a0\u00bb][\/vc_cta][\/vc_column][\/vc_row]<\/p>\n","protected":false},"excerpt":{"rendered":"<p>[vc_row css=\u00a0\u00bb.vc_custom_1451991003825{margin-bottom: 100px !important;}\u00a0\u00bb][vc_column width=\u00a0\u00bb3\/4&Prime;][vc_column_text css=\u00a0\u00bb.vc_custom_1492436291634{margin-bottom: 52px !important;}\u00a0\u00bb]Le Maroc se pr\u00e9pare pour la coop\u00e9ration euro-m\u00e9diterran\u00e9enne de 2012. Les petites et moyennes entreprises (PME) devront r\u00e9sister \u00e0 la concurrence internationale. Elles devront aussi r\u00e9pondre aux normes europ\u00e9ennes pour pouvoir servir un march\u00e9 de 500 millions de consommateurs.[\/vc_column_text][vc_tta_accordion shape=\u00a0\u00bbsquare\u00a0\u00bb c_position=\u00a0\u00bbright\u00a0\u00bb active_section=\u00a0\u00bb1&Prime; css=\u00a0\u00bb.vc_custom_1453467174989{margin-bottom: 60px !important;}\u00a0\u00bb][vc_tta_section title=\u00a0\u00bbLe contenu\u00a0\u00bb tab_id=\u00a0\u00bb1452160548343-003e17f2-760ddba1-e2ab2d7d-50a9&Prime;][vc_column_text]<\/p>\n","protected":false},"author":1,"featured_media":0,"parent":0,"menu_order":0,"comment_status":"closed","ping_status":"closed","template":"","meta":[],"_links":{"self":[{"href":"https:\/\/le16consulting.com\/index.php\/wp-json\/wp\/v2\/pages\/1165"}],"collection":[{"href":"https:\/\/le16consulting.com\/index.php\/wp-json\/wp\/v2\/pages"}],"about":[{"href":"https:\/\/le16consulting.com\/index.php\/wp-json\/wp\/v2\/types\/page"}],"author":[{"embeddable":true,"href":"https:\/\/le16consulting.com\/index.php\/wp-json\/wp\/v2\/users\/1"}],"replies":[{"embeddable":true,"href":"https:\/\/le16consulting.com\/index.php\/wp-json\/wp\/v2\/comments?post=1165"}],"version-history":[{"count":1,"href":"https:\/\/le16consulting.com\/index.php\/wp-json\/wp\/v2\/pages\/1165\/revisions"}],"predecessor-version":[{"id":1166,"href":"https:\/\/le16consulting.com\/index.php\/wp-json\/wp\/v2\/pages\/1165\/revisions\/1166"}],"wp:attachment":[{"href":"https:\/\/le16consulting.com\/index.php\/wp-json\/wp\/v2\/media?parent=1165"}],"curies":[{"name":"wp","href":"https:\/\/api.w.org\/{rel}","templated":true}]}}